 - 47*o - 5 + 31*o + 12. Give z(-5).
-13
Let d(x) = -x + 1. Let o(b) = -b**2 + 10*b + 10. Let z(l) = 3*d(l) + o(l). What is z(9)?
-5
Let i be 118/10 - (-11)/55. Let l(g) = g**2 - 6*g - 15. Give l(i).
57
Let z(q) be the second derivative of -q**8/6720 - q**7/840 + q**6/360 + q**5/60 + q**4/6 - 11*q. Let o(f) be the third derivative of z(f). What is o(-2)?
-6
Let n(d) = -6*d**3 + 16*d**2 - 9*d + 2. Let p(u) = -3*u**3 + 7*u**2 - 4*u + 1. Let x(w) = 4*n(w) - 9*p(w). Let j = -17 + 16. Calculate x(j).
-3
Let i = -3 - 2. Let x be i*((-48)/20 - -2). Let f(w) be the second derivative of w**3 - 3*w**2/2 + 2*w. What is f(x)?
9
Let v be (-3)/(-4) - (-5)/4. Let r(l) = 4 + 84*l - 4 - l**v - 75*l. Determine r(5).
20
Let p(r) = -r**3 - 5*r**2 + 7*r + 6. Let a = 7 + -5. Let j be ((-2)/a)/((-25)/(-1075)). Let m = j - -37. Give p(m).
0
Let p(q) be the second derivative of q**4/12 - q**3/3 - 3*q**2/2 - 4*q + 1. Determine p(4).
5
Let c(d) = -3*d - 18. Suppose -4*i = r - 4, 5*r - 32*i + 49 = -29*i. Determine c(r).
6
Suppose 7*s + 18 = 4*s. Let x be (-56)/12*(-9)/s. Let b = 7 + x. Let y(o) = o**2 - 8. Determine y(b).
-8
Let f(v) be the first derivative of 7/2*v**2 + 27 - 2*v. Give f(2).
12
Let r(h) = 11*h - 91. Let z be r(8). Suppose -8*n + 3*n = -15. Let v(q) = q + n*q**2 - q**2 - q**2 - 2. Calculate v(z).
4
Let c(l) = 17*l**2. Let q be 0/((-24)/(-11) - (-12)/(-66)). Suppose q = -4*r + 2*n, 0 = n - 4*n - 6. Calculate c(r).
17
Let t(y) = -116*y + 117*y + 8 - 10. Calculate t(3).
1
Let h(u) = -u**2 + 13*u - 5. Let d be h(12). Let o(f) = f**3 - 6*f**2 - 6*f - 13. Let g be o(d). Let j(z) = -z**3 - 6*z**2 + 2*z + 5. Determine j(g).
-7
Let u(o) = -o**3 + 7*o**2 + 7*o + 8. Let a(k) = k**3 + 4*k**2 - 4*k - 13. Let l be a(-3). Give u(l).
0
Let a = -14 - -6. Let m = 19 + a. Let b be (-64)/11 - 2/m. Let r(j) = j**2 + 5*j + 1. What is r(b)?
7
Suppose 2*c + 5*z = -6, 4*c = z - 4*z + 2. Let q be 2/11 - (-172)/22. Let y(w) = -3*w**3 + 2 - 3 + w**2 - q*w**3 + 10*w**3. What is y(c)?
-5
Let y(s) = -33*s + 13*s + 15*s - 1 + 16*s. Give y(2).
21
Let y(d) = d**2 + 5*d - 1. Let t be y(-4). Let r(h) = h + 1. Let u(c) = 3*c + 2. Let g(j) = t*r(j) + u(j). Let i be 6 - 2 - (1 + 0). Calculate g(i).
-9
Let c(f) be the first derivative of f**3/3 - 7*f**2 + 10*f - 238. Determine c(13).
-3
Suppose -t - n = -4*t - 30, 0 = -5*t + 5*n - 60. Let i(w) = w**3 + 9*w**2 - 2*w - 11. Let s be i(t). Let j(z) = 2 - 4 - s*z + 10*z. Calculate j(2).
4
Let a(l) = 3*l**3 + 4*l**2 + l - 3. Let c(w) = -w**3 - 3*w**2 - 2*w. Let t(y) = a(y) + 2*c(y). Give t(-2).
-13
Suppose -5*p = -4*t - 12, p = -4*t + 3 + 9. Let x(v) = t*v**2 - 6 - 3*v**2 + 79*v - 75*v. What is x(5)?
-11
Let y(n) = 4 - 9 + 5 - n + 9. What is y(5)?
4
Let w(t) = -t**2 - t - 4. Let o(g) = g**2 + 24*g - 52. Let i be o(-26). What is w(i)?
-4
Let s(x) = x**3 + 5*x**2 - 7*x - 4. Suppose -11*f + 153 - 219 = 0. What is s(f)?
2
Let f(h) be the second derivative of h**5/20 + 5*h**4/12 + 2*h**3/3 + h**2 + 7*h - 5. Give f(-3).
8
Let s(w) = w + 4*w - 2 + 1. Let b be -9 + 2 - 36/(-60)*15. Give s(b).
9
Suppose -40*j - 292 + 52 = 0. Let g(k) = k**3 + 4*k**2 - 5*k - 6. What is g(j)?
-48
Let o(g) = -9 - 3*g - 5*g**2 - 14 - 6 - g**3 + 26. Let r(v) = -4*v**2 + 4*v - 4*v. Let k be r(1). Calculate o(k).
-7
Let j(p) = 2*p**3 + 2*p**2 + p + 1. Let h be 20/15*(-9)/(-6). Suppose -h*u + 2 = 6. Calculate j(u).
-9
Suppose -4*q + 3 = -q. Let f be 3/((-3)/5) + q. Let v(b) = -6*b - 2 - b**2 + 4*b + 0. What is v(f)?
-10
Let x = 913/2 - 456. Let d(q) be the second derivative of x*q**4 + 4*q + 0 - 1/20*q**5 - 2/3*q**3 - 3/2*q**2. What is d(5)?
2
Suppose 505 - 541 = -18*f. Let h(l) = 21*l. Determine h(f).
42
Suppose 3*l = 5*p - 37, p - 4*l = -3*p + 36. Suppose -p*w = 15 - 45. Let t(g) = -g**2 + 4*g + 8. What is t(w)?
-4
Let m(y) = -y + 1. Let c(a) = -a**2 + 3*a + 3. Let d be c(4). Let f(l) = -l - 1. Let u(r) = d*f(r) - 2*m(r). Suppose -4*x = 7 + 1. What is u(x)?
-7
Let m(c) = 2*c**2 - 89*c + 44. Let o(t) = -t**2 + 38*t - 22. Let g(v) = -2*m(v) - 5*o(v). Determine g(11).
11
Let b be -1*(-3 - (1 + -2)). Suppose -b*p + 4*p - 6 = 0. Let t(z) = z**3 - 2*z**2 - 2*z - 2. Determine t(p).
1
Let d be (-2)/13 + 15/13. Let z(b) = 12*b - 4. Give z(d).
8
Suppose -4*t = -3*t - 3. Let k(w) = w + t*w + 6 - w - 2*w. Give k(0).
6
Let g = -5 - -18. Suppose -g*y + 7*y = 48. Let c(o) = -o**2 - 9*o + 2. What is c(y)?
10
Let v(z) = 2*z. Let r(o) = o. Let h(p) = 11*r(p) - 6*v(p). Let j(g) = -4*g - 1. Let n(q) = -11*h(q) + 2*j(q). Calculate n(3).
7
Let y(v) be the third derivative of -v**6/120 - v**5/12 - v**4/8 + 5*v**3/6 - 106*v**2. Calculate y(-4).
1
Let t = -13/10 + 89/30. Let s(p) be the first derivative of -p + t*p**3 - 1/4*p**4 + 2 - 3/2*p**2. Give s(4).
3
Suppose 10*g + 18 = 7*g. Let v(d) = -d**2 - 5*d - 4. Determine v(g).
-10
Let r(f) be the third derivative of -f**4/12 + f**3/6 + 66*f**2. Determine r(-5).
11
Let i(g) = -4*g**3 + 33*g**2 + 79*g + 12. Let a(f) = f**3 - 8*f**2 - 21*f - 3. Let p(w) = -15*a(w) - 4*i(w). Determine p(12).
-15
Let v(m) = -40. Let o(x) = -2*x - 152. Let h(u) = -6*o(u) + 22*v(u). Calculate h(-3).
-4
Let r(b) = b**2 + 15*b - 11. Let x be -1*(3 + 14) - -2. Give r(x).
-11
Let g = 3 - -2. Let m(x) be the third derivative of 0*x + 4*x**2 + 0 - 1/3*x**3 + 1/24*x**4. What is m(g)?
3
Let g(s) = 9*s**3 + 16*s**2 + 6*s - 49. Let d(k) = 5*k**3 + 8*k**2 + 3*k - 26. Let n(p) = -7*d(p) + 4*g(p). What is n(-7)?
14
Let h(s) = 5*s - 6. Let k(z) = 6*z - 6. Let v(y) = -7*h(y) + 6*k(y). Suppose -4*r + 20 = 3*f + f, 4*f - r = -5. What is v(f)?
6
Let h(w) = -w**2 + 8*w - 7. Let o = 18 + -24. Let k(f) = f**2 + 3*f - 3. Let g be k(o). Suppose 2*p + 2*l = -3*l + g, 0 = 5*p + 4*l - 29. Calculate h(p).
8
Let n(s) = s + 4. Let h(c) = 2*c**2 + 3*c + 1. Let p be h(-2). Let v = p + -6. Let b be (-2 + -4)*-1 + v. Calculate n(b).
7
Let p(q) be the third derivative of q**7/2520 - 7*q**6/720 + 7*q**5/120 + q**4/24 - 10*q**2. Let g(c) be the second derivative of p(c). What is g(6)?
1
Let l = -20 + 22. Let z(f) = 0*f**l - f**2 + 3 + 8 + 0*f**2. What is z(0)?
11
Suppose 4*s + 16 = 0, 85*s - 82*s = q - 19. Let c(o) = -o**3 + 10*o**2 - 25*o + 10. Give c(q).
-18
Let h(x) = x**3 - 7*x**2 + 6*x - 3. Let r = -20 - -13. Let j be (-2 - 20/r)*(-35)/(-5). What is h(j)?
-3
Let r(c) = c**3 + 9*c**2 + 16*c - 8. Let x be r(-6). Let p(o) = 3*o - 5. Give p(x).
7
Let y(c) = -c**2 + 5*c + 5*c**2 - 4 + 0*c**2 - c**2 - c**2. What is y(-4)?
8
Let x(b) = 2*b - 21. Let i be x(10). Let u(w) = -2*w - 4*w**2 + w + w**3 + 2*w**2. Determine u(i).
-2
Let c(x) = x**2 - 9*x + 11. Let m be (-43)/(-6) + 510/612. Calculate c(m).
3
Let f = -69 - -80. Suppose 0 = 2*s - 3*y + f, 2*y + 1 = -4*s + y. Let b(d) = -17*d**2 + d + 1. Give b(s).
-17
Let h be 2/(-4*(-1)/6). Let c(d) = 1 + 2*d - d + d**2 - 12*d**3 + 21*d**h. Calculate c(-1).
-8
Suppose 4*n = 2*n - 6. Let i(c) be the second derivative of -c**4/6 + c**3/3 + 3*c**2/2 + 7*c + 66. Determine i(n).
-21
Let s(k) = k**2 - 3*k - 7. Let r be 12/(-2 + 1 + 3). Suppose -2*a = 5*n - 3, -2*n + r + 4 = 3*a. Suppose -3*y - c - 10 = -4*y, 4*c = -a*y. Determine s(y).
3
Let j(u) = -4*u - 1. Let l(h) be the second derivative of 2*h**3/3 + 3*h**2/2 - 3*h. Let m be l(-1). Give j(m).
3
Let o(s) = 10*s + 75. Let d = 723 - 731. Give o(d).
-5
Let f(u) be the second derivative of -u**3/2 + 6*u**2 + 5*u + 4. Give f(8).
-12
Let r(b) = b**2 - 8*b - 41. Let s be r(17). Suppose 14*m + 2*m + s = 0. Let w(y) = -2*y + 8. Calculate w(m).
22
Let s(g) = -g**3 + 3*g**2 - 3*g - 2. Suppose 0 = -2*p - 2*p + 20. Suppose -17 = -p*y - 2. Give s(y).
-11
Suppose 0 = -r - i + 4, -4*r + 9*r - i = -4. Suppose 2*p = -f - 1 - 7, 2*f - 8 = r. Let h(n) = n**3 + 7*n**2 + 3*n - 7. What is h(p)?
11
Let c(n) = -21*n - 3. Suppose -2*t - z - 2 + 1 = 0, -3 = -3*z. Give c(t).
18
Let q be 18/(-11 - -5) - -32. Let y(d) = -q*d + 2 - 1 + 28*d. Give y(-3).
4
Let p(s) = 8*s + 21. Let j be p(3). Let v = j - 47. Let g(c) = c**3 + c + 2. Determine g(v).
-8
Let u(c) be the second derivative of -c**5/20 - c**4/12 - c**3/6 - 6*c**2 + 56*c. Give u(0).
-12
Suppose 60 = 7*w - 52. Suppose n - 5*n + w = 0. Let x(c) = c**2 - 4*c. What is x(n)?
0
Let w(c) = -c + 8. Let u(r) = -r + 9. Let a(v) = 6*u(v) - 7*w(v). Let g = 61 - 59. Suppose 7 - 23 = -4*h - 2*x, -14 = -h + g*x.